pose 109 + 6 = -a. Suppose -4*r - j + 129 = -1147, 1595 = 5*r + 3*j. Let w = r + a. What is the tens digit of w?
0
Let v = -149 + 263. Suppose 2*h - 199 = -5*a, 3*a - 3 = -2*h + v. Let n = a - 9. What is the tens digit of n?
3
Suppose 4*h - 2448 = 5*n + 148485, -5*h + 9*n = -188669. What is the hundreds digit of h?
7
What is the tens digit of 1524/4*4*(-108)/(-48)?
2
Let y(o) be the first derivative of -o**3 - 9*o**2/2 - o + 10. Let k be y(-2). Suppose p - 380 = -4*p + 4*u, 3*u + 375 = k*p. What is the units digit of p?
2
What is the tens digit of 1*195406/4 + 11/(858/(-117))?
5
Let r(f) be the first derivative of 7/2*f**2 - 10 - 8*f. What is the units digit of r(2)?
6
What is the hundreds digit of (-718554)/(-66) - 32/176?
8
Suppose 3*f - 3*u - 2*u + 25 = 0, 24 = -4*f + 2*u. Let g(x) = 9*x**2 - x - 26. What is the tens digit of g(f)?
0
Let n = -166 + 170. Suppose -4*j = 2*t - 360, -n*t + 3*j + 765 = 2*j. What is the tens digit of t?
9
Let n(v) = v**3 - 23*v**2 + 66*v - 3. Let r be n(20). Let q = r - -862. What is the tens digit of q?
7
Let h be (0 - 2/4) + (-11)/(-22). Let q be h/(((-9)/(-3))/(-3)). Suppose q = -d - 6*d + 749. What is the tens digit of d?
0
Suppose 4*i = i + 15, -5*i + 421 = 4*u. Let d = 206 - u. What is the hundreds digit of d?
1
Let h = -24 + 25. Let b be h/(3*(-1)/(-3) + 0). What is the hundreds digit of (b - 228/20)/((-2)/20)?
1
Let j(l) = 4914*l + 9236. What is the thousands digit of j(11)?
3
What is the tens digit of (112786 - 4)*(-31)/(-186)?
9
Let j(b) = b**3 - 4*b + 3. Let i(m) = m**2 + 12*m - 19. Let z be i(-14). What is the units digit of j(z)?
6
Suppose 8*d - 4604 = 3732. Suppose -d = -7*s + 4*s + n, 0 = -2*n + 4. What is the tens digit of s?
4
Let z = 99618 + -64197. What is the units digit of z?
1
Let d(u) = -1519*u - 28. Let m be d(-2). Suppose 0 = -5*g, 0 = -5*t + 52*g - 56*g + m. What is the units digit of t?
2
Let t(b) = -31 - 5 + 89*b - 39*b. What is the units digit of t(7)?
4
Let c = 95 - 78. Suppose -1557 = -c*l + 1061. What is the tens digit of l?
5
Let d be 1/9 - (-3)/(-27). Suppose d = -8*r + 68 + 284. Let c = r + 47. What is the tens digit of c?
9
Let a = -206 + 83. Let w = a + -73. Let g = -104 - w. What is the tens digit of g?
9
Suppose 167*n - 306442 = 71*n + 62*n. What is the tens digit of n?
1
Let c = 153 + 93. Suppose -7*k + c + 1644 = 0. Suppose -283 = -7*o + k. What is the tens digit of o?
7
Let g(q) be the second derivative of q**3/6 + 11*q**2/2 - 31*q. Let p be g(-6). Suppose 0*y - p*i = 5*y - 335, i = 5*y - 305. What is the tens digit of y?
6
Suppose 55*c = 41*c - 518. Let a(i) = -28*i - 354. What is the units digit of a(c)?
2
Suppose 0 = 4*h + 5*m - 42, -4*h - 5*m = -2*h - 26. Let v be (10/h)/((-1)/(-316)). Suppose -s = -b - 0*b - 85, 5*s = -b + v. What is the tens digit of s?
8
Let r be (184/(-276))/((-2)/6). Suppose -r*g = -31*g + 49358. What is the units digit of g?
2
Suppose 0 = 5*o - 2*t + 7*t - 305, -t - 229 = -4*o. Let h(r) = -2*r**3. Let d be h(-4). Let y = d - o. What is the units digit of y?
0
Let w = -6 - -659. Let u = w + -460. What is the hundreds digit of u?
1
Let m = -1211 + 2118. Suppose g = -y + 181, 7*y + 4*g - m = 2*y. Let j = -95 + y. What is the units digit of j?
8
Let x be 4/((-2)/(-8)*64/40). Suppose x*c - 16048 = -2218. What is the hundreds digit of c?
3
Let c(h) = -h**3 + 4*h**2 - 24*h + 14. Let a be (5/(100/(-8)))/(1/15). What is the hundreds digit of c(a)?
5
Let c be 2/6*(-6)/(-2). Let j(n) = -n**3 + 74*n**2 - 2*n + 169. Let a be j(74). Let l = c + a. What is the units digit of l?
2
Suppose -5*u + y + 2466 = 0, -2*y + 118 + 373 = u. What is the tens digit of u?
9
Let k(u) = 95*u + 66. Let w be 6/7*(-7)/(-2). What is the units digit of k(w)?
1
Let u = 10025 - 3766. What is the thousands digit of u?
6
Let h(z) = 13*z**2 + 40*z + 15. Let d be h(10). Suppose 0 = -4*v + d - 167. What is the units digit of v?
7
Suppose -159*t + 6333155 = -709432. What is the units digit of t?
3
Suppose 11*s - 14*s + 150 = 0. Let w = 53 - s. Suppose -w*b - 80 = -4*b. What is the units digit of b?
0
Let x(g) = -g**3 + 2*g**2 + 9*g - 18. Let r be x(2). Suppose r = 371*v - 369*v - 796. What is the tens digit of v?
9
What is the ten thousands digit of (-1012)/2530 + (-221154)/(-10)?
2
Let v(g) = 2*g**2 + g**2 - 4*g**2 + 11*g + 12. Let y = 17709 - 17699. What is the units digit of v(y)?
2
Let l(f) = 44*f + 22. Suppose 2*v = -13*v + 45. What is the tens digit of l(v)?
5
Let o be (3/(-9))/((-5)/30). Suppose 2*h = -4*i + 3*i - 3, -2*i = -o. What is the tens digit of (h + (-2 - 72))/(-2)?
3
Let q = -1929 - -3161. Let x = 1798 - q. What is the hundreds digit of x?
5
Suppose 12*s + 80 = 7*s. Let h = s + 20. Suppose -3*o + 486 = h*x - 110, 172 = o - 4*x. What is the hundreds digit of o?
1
Let y be 2/6 - 83*(-87)/(-9). Let t = 426 - y. What is the units digit of t?
8
Suppose -252007 + 1723896 = 94*i - 393823. What is the tens digit of i?
4
Suppose -4*s - 4*a + 4 = 28, 5*a + 5 = 0. Let r = s + 10. Suppose -5*p + 220 = -r. What is the tens digit of p?
4
Let c(h) = 19*h**2 + 95*h - 1432. What is the thousands digit of c(35)?
5
Let j = 320 - 165. Suppose -3488 = -11*u - j. What is the tens digit of u?
0
Suppose 2137 + 5335 = 8*i. Let u = i - 518. What is the hundreds digit of u?
4
Suppose 3*m = -2*v + 24050, 838*v - 833*v - 2*m - 60182 = 0. What is the units digit of v?
4
Let m be 0*(14/(-4) - -4). Suppose 21 = -j - 4*d - 10, m = 4*j - 3*d + 48. What is the tens digit of 3/j + 2072/35?
5
Let f(h) = 3*h**3 + 18*h**2 + h + 12. Let t be f(-6). Suppose -t*l = 33*l - 8892. What is the tens digit of l?
2
Let z(r) = r**3 - 14*r**2 - 11*r - 48. Let q be z(15). Suppose -q*f - 4*f + 9600 = 0. What is the units digit of f?
0
Let i be 301/28 - 3/(-4)*-1. What is the tens digit of 50/i + (88 - -3)?
9
What is the thousands digit of (94/(-6))/(56/(-123592)) - (-2)/3?
4
Let m = 3 - -365. Let l = 229 - m. Let s = 297 + l. What is the hundreds digit of s?
1
Let h(z) = 77*z + 28. Let f be h(16). Suppose -4*c = 404 - f. Suppose 0 = 8*v - 842 - c. What is the units digit of v?
2
Let w = -24 + 28. Suppose -c + w*v + 0*v = -477, 2*c - 5*v = 960. What is the units digit of c?
5
Let z(p) = -p**3 - 2*p**2 + 67*p + 90. What is the tens digit of z(7)?
1
Suppose 2*t + 0*y - 13 = -3*y, -5*t = -y - 41. Suppose 1400 = 20*g + t*g. What is the tens digit of g?
5
Let o(u) = 4*u**2 - u + 5 + 11 - 14*u + 3*u. Let n be ((-35)/10)/((-2)/4). What is the hundreds digit of o(n)?
1
Suppose 0 = 5*w + a - 9, 4*w = 2*w + a + 5. Suppose -w*v = y - 18, 0 = -5*y + 6*y - 5*v - 4. What is the tens digit of y?
1
Suppose 0 = 215*l + 160*l - 22063500. What is the thousands digit of l?
8
Let a = -96 + 89. Let g be (a/3 - 3)*9/6. What is the tens digit of (0 + (-194)/g)*(1 + 3)?
9
What is the units digit of 1*4*(0 - (-1996)/16)?
9
Suppose z - 410 - 6647 = 0. What is the thousands digit of z?
7
Suppose 5*z + 8575 = -750. Let p = z - -2984. What is the tens digit of p?
1
Let p = -11 - -7. Let f be 2/5 - (-5 - (-216)/40). What is the tens digit of (1 + f)/(((-16)/92)/p)?
2
Suppose 3*a + 4*a = -140. Let k be (-314)/(-8) + (-15)/a. Let z = -39 + k. What is the units digit of z?
1
Let r = -21 - -42. Let d be (234/r)/((-5)/35). What is the tens digit of 2 + (-4 - -3) - d?
7
Suppose -5*i = 5 - 5. Suppose 3*s + i*s = 6. Suppose -3*r + r = -2*x - 72, -x = s*r - 60. What is the tens digit of r?
3
Let a(r) = 59*r - 3. Let p be a(1). Suppose 59*l = p*l + 3. What is the units digit of l?
1
What is the ten thousands digit of 790418/20 - (-244)/2440?
3
Let v be (185/(-111))/(2*(-2)/24). What is the tens digit of (v/4 - (-17)/34) + 609?
1
Let k(f) = 5*f**2 - 5*f + 5. Let b be -1 - (-1 - -3 - 4). Let h be k(b). What is the hundreds digit of (-186)/h*(-22 + 17) + 1?
1
Let o = 165 - 133. Let z(u) = -u**2 + 44*u - 100. What is the units digit of z(o)?
4
Suppose -46*s + 106868 = 17398. Let y = -958 + s. What is the hundreds digit of y?
9
Let q(a) be the third derivative of -a**6/30 + a**5/20 + 5*a**4/8 + 3*a**3/2 - 6*a**2 + 1. What is the hundreds digit of q(-4)?
2
Suppose 2*i - l = 30138, 0*l - 2*l - 8 = 0. What is the hundreds digit of i?
0
Suppose 0 = 3*y - 4*w + 6*w - 36, 3*w - 60 = -5*y. Suppose -9*t = -y*t + 525. What is the hundreds digit of t?
1
Suppose 31 = 3*d + 5*